 Let g(x) = -423*x + 1045. Let c be g(5). Is ((-6)/j)/(3/c*-1) a prime number?
False
Let s = 18 + -12. Suppose 144802 = -s*a + 20*a. Is a composite?
False
Let i(d) = -d**3 + 19*d**2 - 20*d + 25. Let j be i(18). Let b = -8 - j. Suppose 7512 = 2*o - b*s + 2*s, 0 = 5*o - 3*s - 18781. Is o a prime number?
False
Suppose 37*n + 7*n - 2330683 = -3*n. Is n a composite number?
True
Let c(r) = 127*r - 46. Let k(o) = 1. Let t(g) = -c(g) - 6*k(g). Is t(-34) a composite number?
True
Suppose -4*c - c - 2*z + 20135 = 0, -12060 = -3*c + 3*z. Let i = c - 1378. Is i composite?
False
Let k = 10 + 6. Let r(z) = 2*z**3 - 9*z**2 - 23*z + 10. Let j be r(k). Suppose 4*v - 3*y = -y + j, 5*v + 5*y = 6890. Is v prime?
True
Suppose 2890 = -0*o + 5*o. Let z(w) = w**3 + 13*w**2 - 3*w - 31. Let b be z(-11). Suppose 5*f = -2*y + 846, f + b = 2*y - o. Is y prime?
False
Let g(j) = -j**2 - 25*j + 43. Let s(a) = -a**2 - 24*a + 42. Let t(q) = 4*g(q) - 5*s(q). Is t(6) prime?
False
Suppose -17*h + 19*h + 455226 = 4*f, 10*h - 227536 = -2*f. Is f a composite number?
True
Suppose 38*z + 26*z - 27338309 = 3*z. Is z a composite number?
False
Suppose -136 = -9*x + 89. Suppose -x*j = -35960 - 47265. Is j prime?
True
Suppose 1124*p - 1194*p = -20375390. Is p composite?
False
Suppose 65845 = f + 3*l, -3*f + 24738 + 172829 = l. Is f prime?
False
Suppose 25 - 21 = 2*k. Suppose 4*x + 0*c - 760 = 3*c, k*x + 3*c - 362 = 0. Suppose 0 = -6*j + 7*j - x. Is j a prime number?
False
Suppose -75168 - 223068 = -4*v + 2*c, -4*v + 298264 = 5*c. Is v a composite number?
False
Is (1 - (-40)/6)/(122/98454) a prime number?
False
Suppose 14*s - 960871 = -3*v, -17*s + 19*s - 640544 = -2*v. Is v a prime number?
True
Let y = 58 - 49. Suppose -f - 20 = 4*k, -4*f = -4*k - 29 + y. Suppose -3*w = -4*w + 2*m + 41, 5*w - 5*m - 230 = f. Is w a composite number?
True
Let i be 66/12*(-2 + 960). Suppose 5*r - r - 7116 = -4*m, -4*r + 3*m = -7088. Suppose 0 = -3*j + 2*j - 4*a + r, -i = -3*j + 2*a. Is j a composite number?
False
Let h be 20/25 + 2093286/30. Suppose 0 = 48*i - 39*i - h. Is i prime?
True
Let x(w) = -w**3 + 12*w**2 - 7*w - 10. Let y(u) = 4*u**3 - 36*u**2 + 21*u + 31. Let k(a) = 7*x(a) + 2*y(a). Let q be k(-9). Is (q/5)/(14/35) a composite number?
False
Suppose -4*f = -2*z + 43 + 25, 12 = -f + 3*z. Let g = -8 - f. Suppose 14*k - g*k = 444. Is k prime?
False
Let v = -573 - -569. Let f(a) = -1204*a - 125. Is f(v) a prime number?
True
Is (4 + 1)*1 - -12*(-603204)/(-56) composite?
False
Suppose -6656*k + 6657*k - 360907 = 375394. Is k composite?
True
Suppose -6*b - 233 - 265 = 0. Let z = b - -80. Is (-1)/((-5)/(-25035)*z) a prime number?
True
Let w(n) be the third derivative of 109*n**7/840 + n**5/30 - n**4/8 + 2*n**3/3 - 34*n**2. Let i(d) be the first derivative of w(d). Is i(2) a composite number?
False
Suppose 0*m = 5*m - 2530. Suppose 0 = 89*o - 86*o. Suppose o = 2*s - 122 - m. Is s prime?
False
Suppose 0 = -3*t + 20 - 26, -285724 = -2*n - 5*t. Is n composite?
False
Let r(j) = 0*j - 4*j + 2*j. Let n = 949 - 950. Is r(n) a prime number?
True
Suppose -l - k + 179458 = 2*l, 5*l - 2*k = 299115. Is l a composite number?
True
Suppose -1536008 = -5*h - 3*q, 5*h + 7*q + 0*q - 1536012 = 0. Is h composite?
False
Let b(a) = 3513*a - 3742. Is b(7) a prime number?
True
Let n be (-3)/3*1 - -4. Suppose -n*a = a - 1636. Is -6*a/(-8) - (-1)/4 a prime number?
True
Let l = -356 + 357. Is l/((-27)/3327534*(1 + -3)) prime?
False
Let y(n) = n**3 - 6 + 6667*n**2 - 3 - 6621*n**2 - 47*n. Is y(-43) composite?
False
Let u = 24 - 21. Suppose -2*g - h + 2 = -2*h, u*g + 4*h = 25. Suppose -7*b = -g*b - 2*y - 52, 3*y + 26 = 2*b. Is b composite?
False
Let o = 37278 + -113. Is o a composite number?
True
Let k(w) = -10*w + 150. Let v be k(-12). Let i(t) = -t**2 - 6*t + 3. Let m be i(-6). Suppose 4*c + 134 = 2*u, -m*c + v = -u + 6*u. Is u composite?
True
Let i = -3128 - -5495. Let s = i + -1090. Is s a prime number?
True
Let s be -2 + (-226)/4 + 9/18. Is (0 - 6)/(s/12151) a composite number?
True
Suppose -m = 5*u - 23154, -m + 2699 = -4*u - 20518. Is m prime?
True
Let s(q) = -q**3 - 14*q**2 + 3*q + 2. Let a be s(-12). Let n be (12/(-8)*3)/(1/a). Suppose 4*v - 1489 = -j, j = 2*j - 4*v - n. Is j prime?
False
Let g(m) be the second derivative of -m**3/6 + 23*m**2/2 + 10*m. Let u be g(18). Suppose u*a - b - 4589 = -5*b, 2*a - 4*b - 1830 = 0. Is a composite?
True
Suppose -26*x + 209 = -103. Is 2/x*13826*3 prime?
False
Suppose -4*w + 153214 + 59694 = 4*b, -4*b - 2*w + 212916 = 0. Is b composite?
False
Let f(t) = -t**3. Let q(y) = 9*y**3 - 15*y**2 - 2*y - 3. Let l(w) = 6*f(w) + q(w). Suppose -14*o + o = -143. Is l(o) a prime number?
True
Suppose 39 + 41 = 5*b. Suppose 0 = -2*m - 5*g - 39 + 28, g = -3. Suppose 0 = -m*a - b + 132. Is a prime?
False
Let h(p) = 79*p**3 - 3*p**2 + p + 4. Let c(s) = -s**3 + 10*s**2 - 9*s + 2. Let i be c(9). Let j be h(i). Is 1/(1/(j + 3)) a prime number?
False
Let i(j) = 172*j - 192*j + 22*j - 1100*j - 167. Is i(-6) a prime number?
True
Suppose -3*x - 28 + 0 = -4*y, 4*x = -3*y - 4. Suppose 4*n - y = -q - 10, -3*q + 2*n + 52 = 0. Suppose c = -q*c + 1905. Is c a prime number?
True
Suppose 0 = 19*k + 620546 - 3006775. Is k a prime number?
True
Suppose 0 = -a + 4*c - 3044, 2*c + 1267 = -a - 1801. Let q = 12719 - a. Is q a composite number?
True
Let u(o) = 2*o**2 + 8*o - 28. Let v be u(-6). Is ((-10090)/(-6) + v)*(4 - 1) composite?
True
Is (-13)/(-1) + 10735 + 9 a prime number?
False
Suppose -861 = 40*l - 47*l. Is -5 - (1 - 34)*l prime?
False
Let r(v) = 10373*v**2 - 2*v - 2. Is r(-2) composite?
True
Is (-45531240)/(-280) - (-8)/(-14) composite?
False
Let f be 10/4 + 2 + 8/(-16). Suppose 11*g - 32584 = -f*b + 7*g, b - g = 8148. Is b a prime number?
True
Let p(v) = -308178*v + 443. Is p(-1) a prime number?
True
Let z = 26430 + -3952. Is z a prime number?
False
Suppose 12299*b = 12273*b + 3241394. Is b prime?
True
Let o(r) = -2*r**3 + r**2 + 1605. Let p be o(0). Suppose -1760 = -v + p. Is v composite?
True
Let z be 2/4*(-10 + 2). Is (8/(-96) + 1/z)*-1623 composite?
False
Suppose 4*i - 163*b = -158*b + 2191, -2*i - 4*b + 1128 = 0. Is i a prime number?
False
Suppose 90*q - 91*q = -795. Let d be ((-15)/(-9))/(1/q). Is d/(-125)*(1*-4 - 1) a composite number?
False
Let h(d) = d**3 + 2 + 5*d**2 + 11*d + 2 - 18*d. Let p be h(-6). Suppose p*o - 41156 = -1306. Is o a prime number?
False
Let o = 7500 - -466. Suppose -53*j + 55*j = o. Is j prime?
False
Let t(b) = -10*b + 6*b - 2*b**2 + 13*b**2 - 23 + 33*b**2. Is t(8) prime?
False
Suppose 126*a = 129*a - 36261. Suppose 3*d = 12*d - a. Is d composite?
True
Suppose 2*f + 2*b = 1027016, -183*b + 184*b = -3*f + 1540526. Is f composite?
False
Suppose 4*u + 2*k = k - 10774, -5*u + 4*k = 13457. Suppose -5*b - 9506 = 4*x, -3*x - 5703 = 3*b - 0*x. Let q = b - u. Is q composite?
True
Let m = -316 - -218. Let v be -4 + 2 + m/(-7). Suppose 0 = -v*i - i + 13793. Is i a prime number?
True
Suppose a - l - l = 494, 4*l + 1992 = 4*a. Suppose -9*o - a = -7*o. Let k = o - -357. Is k composite?
True
Let o(n) = -n**3 + 26*n**2 + 8*n + 2. Let g(v) = -6*v - 25. Let c be g(-6). Let r be o(c). Is (-16)/24 + r/9 a prime number?
True
Let m(t) = 2*t**3 - 7*t**2 + 45*t + 73. Is m(26) composite?
False
Let r = 103 + -103. Suppose -5*q + 11880 = -3*x - r*q, x = q - 3962. Let a = -2628 - x. Is a composite?
True
Suppose -3*h + 555 = 2*h + 4*p, 0 = -3*h - 4*p + 325. Suppose h*i = 120*i - 16825. Is i prime?
False
Let b = 71 - 64. Suppose -p = -b + 5. Is 1/(p*1/3018) prime?
False
Let j = -962 - -1352. Suppose i + j = 11*i. Let d = 278 + i. Is d composite?
False
Let q be (12 - 0)*1/(-3). Let m(p) = -39*p**3 + p**2 + 6*p + 7. Let y be m(q). Suppose 2*x + 3*x = y. Is x prime?
True
Suppose 1999847 = 33*q - 1870030. Is q a composite number?
False
Suppose -t - 2*t + 21 = 0. Suppose -t*a = -4*a. Let v(x) = 5*x + 293. Is v(a) a composite number?
False
Let d(t) = t**3 - t**2 - 5*t - 2. Let r(o) = 6*o**3 - 4*o**2 - 25*o - 9. Let y(u) = -11*d(u) + 2*r(u). Let p be y(-2). Is (3/1 + -492 + p)*-1 prime?
True
Let k = 4234 + -2471. Let p = k - 220. Is p prime?
True
Let q be 0/(-1*(-5 + 5 - 3)). Suppose q = 4*m - m + 9, -m + 1595 = 2*y. Is y prime?
False
Suppose 0 = 3*h + 5*g - 2738284, -g + 911792 + 5477548 = 7*h. Is h composite?
False
Suppose 